y + 1. Let o be j(-1). Let a be f(o). Suppose 5*k - 96 - a = 0. What is the units digit of k?
2
Let x(m) = -m**3 + 6*m**2 - 5*m - 1. Let s be x(6). Let g = -198 - -172. Let a = g - s. What is the units digit of a?
5
Let c(h) be the second derivative of h**4/6 + h**3/6 - 3*h**2/2 + 4*h. Let n be c(2). Suppose 0 = -v + n + 7. What is the units digit of v?
4
Let g(c) = c**3 + 10*c**2 + c - 3. Let r be g(-10). Let u(p) = -p**2 - 17*p + 4. What is the units digit of u(r)?
6
Suppose t + 1529 - 5969 = 0. What is the tens digit of t?
4
Suppose 4*s + 3 = -3*p + 9, 0 = s - 2*p - 7. Suppose -9*t = -s*t - 954. What is the hundreds digit of t?
1
What is the hundreds digit of (-1510)/(-5) + -4 + -1?
2
Let c(u) = u**2 + 1. Let t(v) = 21*v**2 + v - 5. Let l(z) = 6*c(z) + t(z). Suppose 3*x - 12 = -3*h, -9 - 8 = -3*h - 4*x. What is the units digit of l(h)?
7
Let u be (-4)/(-3 + 7) - -3. Suppose 11*o - 12*o = -u. What is the tens digit of 1/(-2) - (-59)/o?
2
Suppose -7657 = 6*j - 23773. What is the tens digit of j?
8
Let x(m) = m**3 + 3*m**2 + 2*m - 3. Suppose 10*o - 7*o = 12. Let a be x(o). Suppose -a = -4*s + 3. What is the units digit of s?
0
Suppose -7*f + 34*f - 138078 = 0. What is the tens digit of f?
1
Suppose 0 = 2*x + 2*y, -x - 8*y + 4*y = 15. Suppose -x*o = -o - 4. Let z(g) = 8*g + 1. What is the units digit of z(o)?
9
Let m(f) be the second derivative of -f**5/5 + f**4/12 + f**3/3 - f**2 + 3*f. Let g be m(-3). Suppose 41 + g = 5*q. What is the tens digit of q?
3
Let w(a) = a**2 - a - 2. Let b be w(-2). Suppose -5*s = -p - 10*s + 9, 2*s + 36 = b*p. What is the units digit of p?
9
Let u(f) = -330*f + 119. What is the tens digit of u(-8)?
5
Let o(c) = -5*c**2 + 3*c + 2. Let l be o(-2). Let p = l + 37. What is the tens digit of p?
1
Suppose -6*q = -14*q + 2664. What is the units digit of q?
3
Let u(g) = -2*g**2 + 0*g - g - 16*g**3 + 14*g**3. Let p be u(-1). Let a = 19 + p. What is the tens digit of a?
2
What is the hundreds digit of 4 - (-1614)/(-1)*2/(-6)?
5
Let w = -234 + -9. Let g = w + 348. What is the tens digit of g?
0
Suppose 0*b - 534 = 6*b. What is the tens digit of 4/(-10)*(-1 + b)?
3
Let q be 2*((-300)/(-8))/5. Let m = 17 - q. What is the tens digit of (-36)/m*(-10 + 6)?
7
Let d(w) = 17*w**2 - 11*w - 6. What is the units digit of d(8)?
4
Let r = 330 + 164. What is the tens digit of r?
9
Suppose 1204 + 3062 = 6*b. What is the tens digit of b?
1
Suppose -2826 = -5*k - 4*b, 7 = 4*b - 9. What is the units digit of k?
2
Suppose 3*t = -5*q - 121, 2*q = -t + 3*t - 58. Let m = 30 + q. Suppose m*g + 5*s - 205 = 0, 0 = 2*g - 0*s + 2*s - 100. What is the tens digit of g?
4
Let p be (-292)/(((-5)/(-2) - 3)*4). Let y = -13 + p. What is the units digit of y?
3
Let m be 4/6 + 277/3. Let x = m - 24. What is the tens digit of x?
6
Suppose 0 = 5*x - 20 - 5. Suppose 299 = 5*z + 2*g - x*g, 2*z - 113 = -g. What is the units digit of z?
8
Suppose -12*t - 6394 = -42718. What is the units digit of t?
7
Suppose -329 = -r + 1585. What is the tens digit of r?
1
Let l(k) = 7*k**3 - 25*k**2 + 7*k + 45. Let y(w) = -3*w**3 + 12*w**2 - 4*w - 22. Let h(a) = 4*l(a) + 9*y(a). What is the tens digit of h(-8)?
4
Let l(y) be the third derivative of y**5/30 + y**4/2 - 3*y**3 - 16*y**2. What is the units digit of l(-13)?
4
Let v(z) = z**3 - 5*z**2 + 5*z - 2. Suppose 18 = 6*m - 6. Suppose -3*s + m*g = -27, 3*s + 3*g - 2 = 4. What is the units digit of v(s)?
3
Let q = 32 - 1. Let p = -9 + q. What is the tens digit of p?
2
Let v be (-50)/15*(5 - 83). Let k = v - 129. What is the tens digit of k?
3
Suppose 0 = -11*j + 6*j + 120. Let v(b) = -b**2 + 5*b + 4. Let d be v(4). Let i = j - d. What is the units digit of i?
6
Suppose 15*m - 2*m = 3809. What is the tens digit of 18/(-27) + m/3?
9
Let w be (-1 - -4 - 1) + -18 + 1. What is the tens digit of (80/(-6))/((-55)/w + -4)?
4
Let r(u) = 2*u**2 + 6*u - 9. Let f be r(-6). What is the units digit of (1*3)/(f/315)?
5
Suppose 1 + 7 = 4*l. What is the units digit of (-198)/((-4 + -1 + 3)/l)?
8
Let r(w) be the first derivative of -w**4/4 + 5*w**3/3 + 3*w**2/2 - 7*w - 9. What is the units digit of r(5)?
8
Suppose 41*s - 46*s + 1005 = 0. What is the hundreds digit of s?
2
Suppose -1 = 5*q + 29. What is the units digit of q/(-4)*848/24?
3
Let y(v) = -932*v - 196. What is the tens digit of y(-4)?
3
Let q(t) = -t**3 - 9*t**2 - 10*t + 2. Let u be q(-8). Let y = 16 - u. What is the tens digit of -2*78/8*y?
3
Let b = 19 - 17. Suppose -x = b*x - 45. What is the tens digit of x?
1
Let u(h) = h**3 - 42*h**2 - 54*h - 156. What is the hundreds digit of u(44)?
3
Let r = 885 - -167. What is the units digit of r?
2
Let x(v) = v**3 + 10*v**2 - 5*v - 12. Let l be x(-10). Let p = 44 - 57. Let y = p + l. What is the tens digit of y?
2
Let a(k) be the second derivative of k**4/6 - k**3/6 + 70*k**2 + 44*k. What is the units digit of a(0)?
0
Let k(v) = -15*v + 7. Let o be k(-12). Let n = -78 + o. What is the hundreds digit of n?
1
Let s = 0 + 5. Suppose 0 = -5*b - g + 499, 4*g + 141 = 4*b - 263. Suppose 4*q + 3*h + 21 = 101, 0 = s*q + h - b. What is the units digit of q?
0
Let u be -1*0/(-5 + 1). Suppose u = -2*z + 3*z + 9. What is the units digit of (-8 - z) + 4*13?
3
Suppose -v + 6*v + 202 = 3*w, 0 = 4*w - 5*v - 261. Suppose -2*g - w = 3. Let y = g + 58. What is the units digit of y?
7
Let y = -106 + 148. Suppose -9 + y = 4*t - 5*w, -3*t + 26 = -4*w. Suppose 27 = t*x - 39. What is the tens digit of x?
3
Suppose -4*l + 587 = 4*y - 385, l + 977 = 4*y. What is the hundreds digit of y?
2
Suppose 0 = 11*o - 20*o + 6642. What is the units digit of o?
8
Suppose -303 = -8*n + 1217. What is the hundreds digit of n?
1
Let w(g) = -2*g + 7. Let x be w(-3). Suppose -x*z + 12*z = -13. What is the tens digit of z?
1
What is the tens digit of (16/(-6))/((-62)/38781)?
6
Let c(o) = -o - 6. Let h be c(-11). Suppose -2*n = -l + 14, 5*l - 45 - 10 = h*n. Suppose -84 + l = -4*i. What is the tens digit of i?
1
Suppose -5*o + 11409 = d, -2*d - 14031 = -5*o - 2619. What is the hundreds digit of o?
2
Suppose 6 + 18 = 3*n. Suppose -n = -g + 14. What is the units digit of (-12)/(-66) + 62/g?
3
Suppose -10*b = -9*b - 2. Suppose b*i - 4*p - 82 = 0, -7 = -2*i - 5*p + 66. What is the units digit of i?
9
Let c(x) = 3*x**2 - 10*x - 29. Let s be c(12). Let g = -182 + s. What is the hundreds digit of g?
1
What is the tens digit of 7707/5 + 272/170?
4
Let a = -1239 - -3494. What is the units digit of a?
5
Let o(u) = -561*u - 13. What is the hundreds digit of o(-2)?
1
Suppose -3*s + 2*f - 49 - 78 = 0, -4*f + 59 = -s. Let t be s/1*(-5)/(-15). What is the tens digit of (3 + -4)*1*t?
1
Let j be (96/(-20))/(2/10). Let o = -29 - j. Let z(t) = t**2 + 4*t + 10. What is the units digit of z(o)?
5
Suppose 1175 = 3*c - 5*p, 127*p = 5*c + 132*p - 2025. What is the hundreds digit of c?
4
Suppose -8*q = -2282 - 1726. What is the tens digit of q?
0
Let u be (-12)/(-8)*4/3. Suppose 18 = -q + 2*l, 3 = -l - u*l. What is the tens digit of (-2)/(-4) + (-490)/q?
2
Suppose -266 + 76 = -5*h. Suppose 4*b - 142 = -4*s + 2*s, 0 = -b - s + h. Let n = -20 + b. What is the units digit of n?
3
Let k(r) be the second derivative of 17*r**3/6 - 2*r**2 + 39*r. Let q = 3 + -1. What is the tens digit of k(q)?
3
Let g(n) = -n**3 + 5*n + 579. What is the hundreds digit of g(0)?
5
Let d be 4/3 + 6/9. Suppose 3*f + 3*f - 48 = 0. Suppose -d*p = -f - 32. What is the units digit of p?
0
Let f = 0 + 8. What is the units digit of f?
8
What is the tens digit of 88/(-10)*(-471 - 19)?
1
Let a(v) be the first derivative of v**2/2 + 73*v + 13. What is the units digit of a(0)?
3
What is the tens digit of 1396/6*(-93)/(-62)?
4
Suppose y - 13 = -5*k + 1, 5*k - 22 = -3*y. Suppose 44 = 3*n - h, -k*n + 41 = -2*h - h. What is the tens digit of n?
1
Let p(q) = -57*q + 1. Let z be (1/(-5))/((-5)/25). Let x(s) = -s**3 + s**2 - s. Let b be x(z). What is the units digit of p(b)?
8
Let v(b) be the first derivative of 11*b**2 - b + 15. Let o be ((-2)/6)/(1/(-3)). What is the tens digit of v(o)?
2
What is the hundreds digit of -1 + 6/5 + (-4674)/(-5)?
9
Let a be (-2 - 49)*3/9. Let o = 56 + a. What is the tens digit of o?
3
Suppose -3*u - 4*z = -83, -3*u + u = 5*z - 67. Suppose u*g = 23*g - 6. What is the units digit of g?
3
Let y = 4501 + -1863. What is the tens d